*(-32)/(-12). Suppose -f*t - 68 = -4*n, -t - 23 = -n + 3*t. Is n a composite number?
True
Suppose -x + 0*v - 4*v = -618, -1266 = -2*x + 2*v. Suppose -2*m + x = m. Suppose -d = -0*t - 3*t - 56, -m = -3*d - 5*t. Is d a composite number?
True
Suppose 5*g = -2*o, -2*g + 7*g + 4*o + 10 = 0. Suppose -2*x = -g*a - 234, 0*a + 222 = 2*x + a. Let c = -66 + x. Is c a prime number?
True
Let n = 10 + -15. Let a(q) = q - 10. Let t(f) = 2*f - 9. Let d(c) = n*t(c) + 4*a(c). Is d(-8) a prime number?
True
Let x = -166 - -1989. Is x a composite number?
False
Let a(u) = -210*u**3 - u**2 - 4*u - 2. Is a(-1) a prime number?
True
Let k(d) = d**2 - 9*d + 4. Let t be k(11). Suppose -2*n + t = 5*h + 196, n + h + 85 = 0. Let o = n - -119. Is o a prime number?
False
Let f = 28 + -62. Let o = -21 - f. Is o a prime number?
True
Is -1*(-2)/(-2)*-89 a prime number?
True
Suppose -44 = c + 54. Let w = -64 - c. Is w a composite number?
True
Let k(v) = -10*v**3 + 3*v**2 + 2*v + 4. Is k(-3) composite?
True
Suppose 5075 - 77287 = -4*s. Is s a prime number?
False
Suppose 3*p + 0*p = 369. Let i = -61 + p. Is i a composite number?
True
Suppose -d - 4*d = 10. Let y = d + 4. Is (-52)/(-5) - y/5 a prime number?
False
Let m = 3 - 0. Suppose 0*t + 222 = m*t. Is t prime?
False
Suppose -5*k = k - 5010. Is k a composite number?
True
Suppose 0 = 5*d - 0*d + 10. Let j be d/(-4) - (-858)/4. Suppose 2*z = v - 65, -3*v + j = -0*v + 4*z. Is v a composite number?
True
Suppose -3*w - 3 = p - 0*p, 4*w = 5*p - 4. Suppose p*y = y + 2, -a - 2*y = 0. Let o = a - 1. Is o composite?
False
Let m = 2207 + -1056. Is m a composite number?
False
Let s = 46 + 145. Is s a composite number?
False
Let l = -19 + 14. Let u = 152 - l. Is u a prime number?
True
Suppose 2*r - 2 = 0, s + 7*r + 2 = 3*r. Let y(l) = -5*l**2 + 7*l + 3. Let f(z) = -4*z**2 + 6*z + 3. Let n(c) = s*y(c) + 7*f(c). Is n(-4) a composite number?
True
Let n be 1/4 - 2094/(-8). Is -2 + (0 - -3) + n a prime number?
True
Let w = -4 - -19. Is 0 + 2 - w*-3 a composite number?
False
Suppose 0*l - 28 = -2*l. Suppose 3*x + 2*x = -5*y + 35, l = 2*x - 3*y. Is x prime?
True
Let z be (-2)/(-2) + (1 - 19). Let i = z - -24. Suppose -i*k = -6*k - 7. Is k a composite number?
False
Let x = -4 - 1. Is (-5)/x + (-48)/(-2) composite?
True
Suppose -3*t + 2*z + 4 = -t, -3*t = 3*z - 24. Suppose -5*y + 0*y + 3*f = -338, 5*y - 330 = -t*f. Is y a composite number?
False
Suppose 3*b = -3*z + 33 - 3, 2*z + 5 = 3*b. Suppose 0 = -z*c - 0*c + 4*t + 389, c = -4*t + 73. Is c composite?
True
Let i(n) = 6*n**3 - 1. Let p be i(1). Suppose 5*c + 10 = -2*w, -2*w - 2 - 6 = 4*c. Suppose -p*r + 55 = -w. Is r composite?
False
Let u = 17734 - 10517. Is u a composite number?
True
Suppose 8*a + 3*n - 1270 = 3*a, a + n - 256 = 0. Is a a prime number?
True
Let t = 1685 + -1180. Suppose t = j - 675. Is 2/9 + j/36 composite?
True
Let i = -6 - -10. Suppose i*v + 20 = 4. Is 16 + 4/(v - -2) a prime number?
False
Suppose 2*w = 5*w - 561. Is w prime?
False
Let x(w) = 12*w - 10. Let y(i) = -6*i + 5. Let o(k) = -4*x(k) - 7*y(k). Is o(-10) a prime number?
False
Let h be (-5)/25 + (-48)/10. Let m = h - -7. Suppose m*t - 93 = -5*k, -5*k + 35 = -3*k + 3*t. Is k a composite number?
False
Let z(w) = -w**3 + 6*w**2 - 7*w - 1. Let f be z(4). Suppose 5*r + 2*x = 33, 0 = -r + f*r + 2*x - 12. Is r composite?
False
Let y(l) = -l**3 + 6*l**2 + 6*l + 9. Let w be y(7). Suppose -w*n + 4*v - v + 913 = 0, 0 = -2*n - 4*v + 878. Is n a prime number?
True
Let g(v) = -22*v - 1. Let u be -6 + 3 + (1 - -1). Let f be (-3)/3 + 1 + u. Is g(f) a composite number?
True
Let z(s) = 13*s - 3. Let r be z(6). Suppose -l + 51 = 4*g, -2*l - r = -5*g - l. Is g a composite number?
True
Suppose 2*j - 5*j = 51. Let r = j + -8. Is (-107)/(-5) + 10/r a prime number?
False
Let z = 422 + -33. Is z a composite number?
False
Let k = 1578 - 869. Is k prime?
True
Let y = 129 + -76. Is y a composite number?
False
Let v(r) = -4*r + 15. Let m be (-852)/54 + 4/(-18). Is v(m) composite?
False
Let l be 1/(-4) + (-13)/(-4). Let s = 3 - l. Suppose 3*y - 114 - 87 = s. Is y a composite number?
False
Let f(w) = -w**3 + 8*w**2 - 5*w + 3. Is f(5) a prime number?
True
Let m = 304 - 139. Let z = -47 + m. Is z a prime number?
False
Let t be -3 - (-2 - 0) - -124. Suppose -5*g - t = -n + 85, 4*n = 5*g + 877. Is n composite?
False
Suppose 0 = -4*p - 0*p + 20. Suppose p*j = 3*q + 1955, -4*j + 477 + 1087 = -5*q. Is j prime?
False
Is (3/(-3))/((6/(-14487))/2) prime?
False
Suppose 9*t - 438 = 7*t. Is t prime?
False
Let i be 20 - -5 - (1 + -1). Let d = i - 15. Is d a composite number?
True
Let h = 368 - 213. Is h a prime number?
False
Let q(v) = 2*v**2 - 5*v + 2. Let t be q(2). Let x = 10 - 7. Suppose t = -x*i + 395 + 76. Is i a prime number?
True
Let h(k) = 42*k**3 + 4*k - 3. Is h(1) a composite number?
False
Suppose -4*b = 236 - 2872. Suppose 5*g = -3*v + g + b, 432 = 2*v - g. Is v composite?
True
Is 10/(-15) + (-5122)/(-6)*1 composite?
False
Suppose 404 + 1074 = 2*n. Is n a composite number?
False
Let a(k) = -8*k**2 - 9*k - 1. Let h be a(-8). Let q = -283 - h. Suppose -2*o = -0*o - q. Is o prime?
True
Let r(a) = 4*a**3 - 4*a**2 + 2*a + 2. Let x = 2 - -1. Let z be r(x). Is ((-2)/(-1))/(-2) + z prime?
True
Suppose 3820 + 1022 = 6*z. Is z a prime number?
False
Let w(q) = 46*q**3 + q**2 - 6*q - 3. Let u(x) = -46*x**3 - 2*x**2 + 7*x + 3. Let r(k) = -4*u(k) - 5*w(k). Is r(-2) a prime number?
True
Suppose -g + 99 = 22. Is g composite?
True
Let f(b) = 2*b - 4. Let g be f(3). Suppose g*s = -s + 18. Suppose 2*o + 28 = -2*p + s*p, 4*p - 3*o = 28. Is p a composite number?
False
Suppose -2*x + 2*o = -6236, 2*o + 12462 = 4*x - 0*o. Is x a composite number?
True
Suppose -5*h + 627 = -628. Is h a prime number?
True
Let z be 52*(1 - 3 - 1). Is 1 - (-3 - -3) - z a prime number?
True
Let r = 1 + -1. Let z be 1*-1*(r - 1). Let v(w) = 2*w. Is v(z) prime?
True
Suppose 0 = 2*l + 2*h - 680, 7*l - 3*l + 5*h = 1356. Let f = l + -169. Suppose -f = 2*b - 7*b. Is b a prime number?
False
Let p(j) = j**3 - 2*j**2 - 5*j - 6. Let m be p(5). Suppose 23 + m = 2*c - t, -5*c - 2*t + 172 = 0. Is c composite?
True
Suppose 0 = -3*g - 2*z + 247, z = 3*g + 2*z - 251. Is g composite?
True
Let q be (86/3)/((-4)/(-6)). Suppose 0 = -3*s + q + 2. Let c = 21 - s. Is c a composite number?
True
Suppose 0 = -y - 0*y + 4. Suppose 0 = -c - y*k + 171, 4*c + 6*k = 3*k + 658. Is c composite?
False
Suppose 2*g - 10 = -0*g, x - 5*g = -21. Suppose -x*q + 25 = -35. Is q a prime number?
False
Let i(l) be the second derivative of l**4/12 - l**3/2 + l**2 + 2*l. Let z be i(3). Suppose -159 = -z*h - 3*h - 4*y, 0 = y + 4. Is h a composite number?
True
Let k(c) = c**2 - 5*c + 5. Let m be k(5). Let i(v) be the second derivative of v**5/20 - v**4/12 - v**3 - 5*v**2/2 + 17*v. Is i(m) a prime number?
False
Suppose -5*y + 2*c + 177 = 0, 3*y - 4*c - 115 = -5*c. Suppose 0 = -0*p - p + y. Is p composite?
False
Let v = 42 - -89. Is v a composite number?
False
Let y be (-418)/(-1) - 6/(-2). Is (-3)/((-3)/y) + -2 a prime number?
True
Let t(v) = 2*v**2 - 6*v + 2. Suppose w + s - 2*s + 9 = 0, 0 = 3*w + 2*s + 37. Let o be t(w). Suppose 3*f = f + o. Is f composite?
True
Suppose 27 + 13 = 5*a. Let h(t) = t**3 - 9*t**2 + 10*t + 9. Is h(a) prime?
False
Let o = 6 - 3. Suppose -5*u + 42 = -o. Is (1257/u)/((-4)/(-12)) prime?
True
Suppose 4*j - 10144 - 5924 = 0. Let u(p) = 8*p**2 - 2*p - 1. Let v be u(2). Is j/v + (-6)/(-27) composite?
False
Let l = -60 - -143. Is l prime?
True
Let j(h) = 2*h**2 + 16*h - 17. Is j(-16) a prime number?
True
Let h be -62*(-27)/(-6)*-1. Let a = 316 + -164. Let d = h - a. Is d prime?
True
Let d(r) = 843*r + 2. Is d(3) a composite number?
False
Let j(y) = -y**2 + 6*y + 4. Let g be j(5). Let d = 22 + g. Is d a composite number?
False
Let v be (-6)/4 + (-2)/(-4). Let j(i) = -4*i**3 + 2*i**2 + i. Let m be j(v). Suppose -3*k = m*w - 336, -3 + 9 = -2*k. Is w a composite number?
True
Let r(g) = -g**3 + 3*g**2 - 2*g + 3 - 5 + 5. Let a be r(2). Suppose -a*u = -0*u - 57. Is u a prime number?
True
Suppose 0*p - 2*p = -4. Suppose p*a = -3*a + 10. Suppose c - 5*z = 87, a*c - 3*z - 213 = -c. Is c prime?
True
Is 74/111 - 6055/(-3) prime?
False
Suppose 1 + 3 = -2*z. Let l(w) = -w - 4. Let k be l(z). Is (-201)/(1/k*2) composite?
True
Suppose -